usands digit of 1593?
1
What is the ten thousands digit of 190146?
9
What is the thousands digit of 1803?
1
What is the hundreds digit of 1743?
7
What is the hundreds digit of 93230?
2
What is the ten thousands digit of 106467?
0
What is the tens digit of 1741?
4
What is the ten thousands digit of 10552?
1
What is the thousands digit of 7006?
7
What is the ten thousands digit of 27301?
2
What is the thousands digit of 1151?
1
What is the units digit of 688?
8
What is the thousands digit of 20324?
0
What is the ten thousands digit of 56207?
5
What is the tens digit of 4744?
4
What is the units digit of 83775?
5
What is the thousands digit of 159652?
9
What is the tens digit of 341?
4
What is the tens digit of 9046?
4
What is the units digit of 20610?
0
What is the thousands digit of 49829?
9
What is the thousands digit of 4325?
4
What is the tens digit of 60?
6
What is the ten thousands digit of 95754?
9
What is the tens digit of 2414?
1
What is the thousands digit of 4173?
4
What is the units digit of 925?
5
What is the ten thousands digit of 53134?
5
What is the ten thousands digit of 43240?
4
What is the units digit of 1092?
2
What is the hundreds digit of 1142?
1
What is the units digit of 846?
6
What is the tens digit of 47779?
7
What is the ten thousands digit of 50317?
5
What is the hundreds digit of 43847?
8
What is the ten thousands digit of 70917?
7
What is the tens digit of 939?
3
What is the hundreds digit of 9690?
6
What is the ten thousands digit of 71677?
7
What is the tens digit of 502?
0
What is the units digit of 923?
3
What is the tens digit of 531?
3
What is the tens digit of 10386?
8
What is the tens digit of 64?
6
What is the units digit of 4260?
0
What is the hundreds digit of 22261?
2
What is the units digit of 1259?
9
What is the tens digit of 1858?
5
What is the units digit of 34074?
4
What is the ten thousands digit of 20214?
2
What is the units digit of 71340?
0
What is the tens digit of 1971?
7
What is the hundreds digit of 4851?
8
What is the thousands digit of 16135?
6
What is the thousands digit of 33503?
3
What is the thousands digit of 1640?
1
What is the thousands digit of 140661?
0
What is the units digit of 931?
1
What is the tens digit of 3471?
7
What is the hundreds digit of 121910?
9
What is the hundred thousands digit of 102039?
1
What is the tens digit of 4125?
2
What is the hundreds digit of 11427?
4
What is the tens digit of 811?
1
What is the thousands digit of 7987?
7
What is the thousands digit of 3024?
3
What is the tens digit of 5203?
0
What is the hundreds digit of 1351?
3
What is the units digit of 3750?
0
What is the tens digit of 4277?
7
What is the tens digit of 57000?
0
What is the units digit of 4197?
7
What is the units digit of 14258?
8
What is the thousands digit of 10261?
0
What is the tens digit of 966?
6
What is the hundreds digit of 1286?
2
What is the hundreds digit of 2404?
4
What is the ten thousands digit of 17662?
1
What is the tens digit of 330?
3
What is the tens digit of 9573?
7
What is the tens digit of 19309?
0
What is the units digit of 1506?
6
What is the ten thousands digit of 13431?
1
What is the tens digit of 27557?
5
What is the tens digit of 1652?
5
What is the units digit of 2153?
3
What is the tens digit of 62083?
8
What is the thousands digit of 10769?
0
What is the units digit of 1452?
2
What is the thousands digit of 19866?
9
What is the tens digit of 18477?
7
What is the hundreds digit of 2625?
6
What is the units digit of 30235?
5
What is the units digit of 10493?
3
What is the units digit of 445?
5
What is the hundreds digit of 4809?
8
What is the tens digit of 15276?
7
What is the units digit of 1168?
8
What is the tens digit of 3422?
2
What is the units digit of 2359?
9
What is the units digit of 589?
9
What is the hundreds digit of 61957?
9
What is the thousands digit of 1219?
1
What is the tens digit of 34732?
3
What is the ten thousands digit of 54520?
5
What is the tens digit of 1432?
3
What is the thousands digit of 1219?
1
What is the thousands digit of 11106?
1
What is the units digit of 27847?
7
What is the hundreds digit of 3297?
2
What is the tens digit of 959?
5
What is the tens digit of 3042?
4
What is the thousands digit of 1528?
1
What is the tens digit of 1655?
5
What is the thousands digit of 1526?
1
What is the tens digit of 2053?
5
What is the units digit of 5781?
1
What is the tens digit of 25803?
0
What is the hundreds digit of 6585?
5
What is the thousands digit of 2528?
2
What is the thousands digit of 20844?
0
What is the tens digit of 606?
0
What is the units digit of 28398?
8
What is the hundred thousands digit of 128159?
1
What is the units digit of 3696?
6
What is the tens digit of 20486?
8
What is the tens digit of 6680?
8
What is the thousands digit of 8267?
8
What is the thousands digit of 34947?
4
What is the units digit of 7354?
4
What is the hundreds digit of 56741?
7
What is the units digit of 33864?
4
What is the units digit of 804?
4
What is the hundreds digit of 7340?
3
What is the hundreds digit of 2318?
3
What is the units digit of 72978?
8
What is the hundreds digit of 41745?
7
What is the hundreds digit of 18989?
9
What is the thousands digit of 11366?
1
What is the tens digit of 3126?
2
What is the units digit of 310?
0
What is the tens digit of 1225?
2
What is the tens digit of 1017?
1
What is the tens digit of 10150?
5
What is the tens digit of 23444?
4
What is the hundreds digit of 4652?
6
What is the hundreds digit of 30287?
2
What is the hundreds digit of 9197?
1
What is the thousands digit of 6479?
6
What is the hundred thousands digit of 171307?
1
What is the tens digit of 34?
3
What is the ten thousands digit of 47843?
4
What is the tens digit of 97632?
3
What is the thousands digit of 15919?
5
What is the units digit of 8234?
4
What is the thousands digit of 42102?
2
What is the thousands digit of 37122?
7
What is the units digit of 52297?
7
What is the thousands digit of 64241?
4
What is the tens digit of 52270?
7
What is the hundreds digit of 1058?
0
What is the thousands digit of 2345?
2
What is the units digit of 74950?
0
What is the units digit of 23029?
9
What is the units digit of 37191?
1
What is the units digit of 22488?
8
What is the thousands digit of 1629?
1
What is the units digit of 9142?
2
What is the hundreds digit of 56123?
1
What is the hundreds digit of 6245?
2
What is the thousands digit of 1297?
1
What is the hundreds digit of 4117?
1
What is the hundreds digit of 6092?
0
What is the hundreds digit of 11988?
9
What is the hundreds digit of 25412?
4
What is the tens digit of 10686?
8
What is the thousands digit of 73900?
3
What is the hundreds digit of 52088?
0
What is the hundreds digit of 15144?
1
What is the thousands digit of 10884?
0
What is the thousands digit of 2702?
2
What is the tens digit of 683?
8
What is the units digit of 1152?
2
What is the thousands digit of 10889?
0
What is the units digit of 1689?
9
What is the tens digit of 18957?
5
What is the units digit of 67015?
5
What is the thousands digit of 7724?
7
What is the ten thousands digit of 12371?
1
What is the units digit of 37867?
7
What is the units digit of 6601?
1
What is the thousands digit of 1115?
1
What is the thousands digit of 2820?
2
What is the tens digit of 1217?
1
What is the hundreds digit of 951?
9
What is the thousands digit of 3960?
3
What is the tens digit of 15663?
6
What is the ten thousands digit of 38408?
3
What is the ten thousands digit of 95220?
9
What is the units digit of 8058?
8
What is the tens digit of 234?
3
What is the hundreds digit of 1882?
8
What is the hundreds digit of 951?
9
What is the ten thousands digit of 33304?
3
What is the tens digit of 2690?
9
What is the units digit of 539?
9
What is the hundreds digit of 1149?
1
What is the tens digit of 144?
4
What is the hundreds digit of 1889?
8
What is the thousands digit of 3194?
3
What is the tens digit of 2113?
1
What is the thousands digit of 3288?
3
What is the hundreds digit of 35606?
6
What is the hundreds digit of 2122?
1
What is the hundreds digit of 4908?
9
What is the tens digit of 14008?
0
What is the units digit of 75?
5
What is the thousands digit of 6611?
6
What is the hundreds digit of 2637?
6
What is the tens 